)*(-164)/(-16) is divided by 21.
20
Suppose y + 24 = -5*b + 303, -5*b + 282 = -2*y. Calculate the remainder when 133 is divided by b.
21
Suppose 4*q = 4*i - 76, -7*i = -6*i + 2. Suppose 4*w - h - 25 - 190 = 0, -2*w + 3*h = -115. Let n = q + w. Calculate the remainder when 127 is divided by n.
31
Suppose 3 = 6*o - 57. Calculate the remainder when 42 is divided by o.
2
Let m(l) = -l**2 + 10*l - 3. Let r be m(10). What is the remainder when ((-36)/30)/(r/135) is divided by 29?
25
Suppose 0 = -3*u - 4*u - 987. Let v = u - -159. What is the remainder when 33 is divided by v?
15
Let n = 34 - 32. Suppose -233 = -n*x + o, -4*x - x + o = -575. Calculate the remainder when x is divided by 29.
27
Let i = 1589 + -1572. Calculate the remainder when 556 is divided by i.
12
Suppose 25*l - 27*l = 0. Suppose -2*a + 5*g + 205 = l, -2*a + 0*a = -g - 201. What is the remainder when a is divided by 51?
49
Let n be 136/6*(-3)/(-2). Let r = -315 - -339. Let i = n - r. Calculate the remainder when i is divided by 8.
2
Let m(f) be the first derivative of -14*f - 2*f**3 + 10 - 5*f**2 + 1/4*f**4. Calculate the remainder when 132 is divided by m(8).
30
Let q(z) = z**2 + 23. Let h = 38 + 5. Calculate the remainder when h is divided by q(0).
20
Let u(v) = -v**2 - 28*v - 12. What is the remainder when u(-19) is divided by 42?
33
Let m = 7 - -114. What is the remainder when m is divided by 21?
16
Let d(s) = 20*s**2 - s + 2. What is the remainder when d(3) is divided by 37?
31
Let i be 0*(2/3)/2. Let g(q) = -3*q + 7. Calculate the remainder when g(i) is divided by 2.
1
Suppose 13*t - 2556 = -23*t. What is the remainder when 171 is divided by t?
29
Calculate the remainder when (1 - 4)/(10/(-330)) is divided by 16.
3
Let s(n) = -n**2 + 7*n - 8. Let t(i) = 2*i**2 - 14*i + 16. Let p(d) = 5*s(d) + 3*t(d). What is the remainder when 29 is divided by p(8)?
13
Let l(c) = 6*c - 29. Let b be l(-15). Let y = -25 - b. Calculate the remainder when y is divided by 48.
46
Suppose d + 8*f - 86 = 3*f, 78 = d + 3*f. Calculate the remainder when d is divided by 34.
32
Let a = 480 - 95. Calculate the remainder when a is divided by 43.
41
Suppose -3*n + 40 = -w, -3*n - w + 9 = -35. Suppose -c = 2*u + 12, 14 + n = -4*c - 4*u. Let j = c + 24. Calculate the remainder when 86 is divided by j.
20
Let g(p) = p**2 + 2*p + 28. Suppose 0 = -4*r - 8, -5*b + r + 4 = -r. Let d be g(b). Let s = d - 10. Calculate the remainder when s is divided by 7.
4
Let a = 843 - 64. Calculate the remainder when a is divided by 71.
69
Suppose 15*c - 75 = 10*c. What is the remainder when 34 is divided by c?
4
Calculate the remainder when 892/12 - 3*1/9 is divided by 25.
24
Let w = 693 - 621. Calculate the remainder when w is divided by 2/(-7) + 135/7.
15
Let t be (-40)/35*(-7)/2. Suppose t*p - 316 = -56. What is the remainder when p is divided by 17?
14
Let n = 26 - 23. Suppose -4*f + 9 = -11, 19 = n*p - 4*f. What is the remainder when 37 is divided by p?
11
Let f(i) = 15*i + 36. Calculate the remainder when f(2) is divided by 34.
32
Suppose 5*g - 35 + 215 = 0. Let l = -33 - g. Suppose 3*a - 4*u = 37, l*u + 60 = 4*a + 6. What is the remainder when 28 is divided by a?
13
Suppose 2*x - 93 = w - 6*w, -4*x + 161 = 5*w. Calculate the remainder when 847 is divided by x.
31
Suppose -2*p + 3*z = -17 - 49, 3*p - 2*z = 109. Suppose -14*a + 28 = -12*a. What is the remainder when p is divided by a?
11
What is the remainder when (300/3 - 7) + -6 is divided by 10?
7
Let p(n) = -n**3 + 5*n**2 + 12*n - 27. Let v be p(6). Calculate the remainder when (0 - -24) + (v - 10) - 3 is divided by 12.
8
Suppose -1 = -5*v + 14. Suppose -v*i + 116 = -i - 3*z, -3*i - 2*z + 148 = 0. Let w = 12 + -1. What is the remainder when i is divided by w?
8
Suppose 52*d - 140*d + 2940 = 52*d. Let m(a) = -17*a + 1. What is the remainder when m(-6) is divided by d?
19
Let f(p) = 35*p. What is the remainder when (-13 - -25)*(42/4 + -2) is divided by f(1)?
32
Suppose 21*u - 23*u - 322 = -3*d, -5*d = -2*u - 530. Calculate the remainder when d is divided by 56.
48
Suppose -3*p - k = -7*p + 69, -3*k + 9 = 0. Suppose -10 = 5*b, 0 = -0*o + 3*o + 3*b + 24. What is the remainder when 25 is divided by o/p + (-40)/(-3)?
12
Let r = 11 + -7. Suppose -r*g + 121 = -259. Calculate the remainder when g is divided by 16.
15
Let d = -217 - -228. Suppose 0 = 2*f - 1 - 3. Suppose 82 = f*q - 0*q. Calculate the remainder when q is divided by d.
8
Let v be 741/143 - (-2)/(-11). Calculate the remainder when (v + -7 + 1)*43/(-1) is divided by 15.
13
Suppose -2*z - 56 = 2*z. Let a = -9 - z. Suppose 10 = 2*k - k + 3*b, b = -a*k + 36. What is the remainder when k is divided by 2?
1
Let p be 101*(-16)/(-6)*(-81)/(-54). Suppose 5*c - 81 = p. Calculate the remainder when c is divided by 33.
31
Let i(b) = -b**3 + 7*b**2 - b - 4. Let v be i(6). Suppose 0 = -3*z - 12, 0*k = -k + z + v. Suppose -8*p + 8 = -40. What is the remainder when k is divided by p?
4
Let g be 0 + ((-6)/(-15))/((-3)/390). Let j = -46 - g. Suppose 4*c - 26 = -5*s, -5*s + 2*s - 42 = -4*c. Calculate the remainder when c is divided by j.
3
Let z(m) = m**2 - 2*m - 20. Let c be 3/((-9)/(-15))*-1. Suppose p + 3*k = -4*p + 46, -4*k = 3*p - 32. What is the remainder when z(c) is divided by p?
7
Let t(u) = u**2 + 5*u + 8. Let n be t(-3). Suppose -n*k + 18 = -50. What is the remainder when k is divided by 7?
6
Let o = 43 + 11. Let x be o/(-4) - 12/(-8). Calculate the remainder when 11 is divided by (-1)/((-33)/x + -3).
3
Let h = 431 + -407. Calculate the remainder when 140 is divided by h.
20
Let i be 178/(72/(-60)*10/(-6)). Let d = i + -59. Calculate the remainder when 147 is divided by d.
27
Suppose -g + 3*p - 17 = -48, -g = -p - 39. Let d = 25 + g. What is the remainder when d is divided by 23?
22
Suppose 3*v + 3*q = -q + 294, 0 = v - 3*q - 85. What is the remainder when v is divided by ((-9)/2)/((-24)/128)?
22
Let x = -29 - -42. Let k be 1/2 + 0 + 261/6. Calculate the remainder when 6 + k/(-7) - 156/(-7) is divided by x.
9
Let l(f) = 20*f - 52. Calculate the remainder when 248 is divided by l(4).
24
Suppose -8*u = -11*u + s + 6, u + 2*s = 2. What is the remainder when (1 - -1) + 0/2 is divided by u?
0
Let x(q) = 2*q**2 - 17*q - 5. Let v be x(9). Suppose 0 = -v*y - y + 35. Calculate the remainder when y is divided by 5.
2
Suppose -4*g - 25 + 553 = 0. Suppose 5*n - 124 = -0*a - 4*a, 4 = 4*a. What is the remainder when 12516/g - (2 - 24/11) is divided by n?
23
Let h(g) = g**2 + g + 12. Let t(w) be the second derivative of -5*w**3/3 + 5*w**2/2 - 3*w. Calculate the remainder when t(-4) is divided by h(0).
9
Let u = 934 + -786. Calculate the remainder when u is divided by 81.
67
Let b = -238 + 364. Calculate the remainder when b is divided by 28.
14
Let q(o) = 7*o**2 + 4*o**3 - 8 + 28*o - 5*o**3 - 25*o. Let f be q(7). Suppose -z = -f - 9. Calculate the remainder when z is divided by 4.
2
Let j = 1811 + -1800. Let v(i) = -i**3 - i**2 - i + 53. Calculate the remainder when v(0) is divided by j.
9
Let v(r) = -252*r + 1. What is the remainder when v(-1) is divided by 125?
3
Suppose -18*q = 1288 - 1486. Let n(s) = s**3 + 3. Calculate the remainder when q is divided by n(0).
2
Let w(k) = -k**3 + 2*k**2 - 4*k - 33. Calculate the remainder when w(-3) is divided by 2.
0
What is the remainder when (-12)/(-8)*4268/66 is divided by 5?
2
Calculate the remainder when (-2)/(-15) + (25376/(-60))/(-8) is divided by 18.
17
Let h(j) = -2*j**3 - 4*j**2 - 6*j - 5. Calculate the remainder when 164 is divided by h(-3).
9
Suppose -t + 32 = h, -2*h + 39 + 33 = -2*t. What is the remainder when h/((-12)/(-78) + (-20)/(-39)) is divided by 9?
6
Suppose v - 42 + 12 = 0. Let c(y) = -y**2 + 7*y + 6. Let z be c(6). Calculate the remainder when 21 is divided by (z/v)/((-1)/(-30)).
9
Suppose -5*u + x + 25 = 0, 0 = 3*u + 4*x - x + 3. Suppose 3*h + 13 = u. What is the remainder when 31 is divided by 11/(2*h/(-6))?
9
Suppose 3*s = 69 + 57. Let r = s + 70. What is the remainder when r is divided by 29?
25
Suppose -3*k + 2*t + 4 = 0, -2*t = 4*k - 13 + 3. Suppose -k*w = -w - 15. What is the remainder when -2*(-2)/(-6) + (-1608)/(-36) is divided by w?
14
Suppose x + 3*j - 58 = 0, -5*j = -2*x - 2*j + 125. What is the remainder when x is divided by 28?
5
Let z = 24 + 25. Let k(r) 